{"id":56,"date":"2023-08-13T06:45:58","date_gmt":"2023-08-13T09:45:58","guid":{"rendered":"https:\/\/vhjando.com\/?page_id=56"},"modified":"2023-08-28T14:08:44","modified_gmt":"2023-08-28T17:08:44","slug":"livro","status":"publish","type":"page","link":"https:\/\/vhjando.com\/index.php\/livro\/","title":{"rendered":"Livro"},"content":{"rendered":"\n<p class=\"has-text-align-justify\">Durante a pandemia, em meados de 2020, comecei a escrever alguns textos sobre viagens que fiz. Era uma forma de fazer o tempo passar e tamb\u00e9m uma maneira de poder relembrar os momentos vividos durante essas viagens.<\/p>\n\n\n\n<p class=\"has-text-align-justify\">Ap\u00f3s terminar uns tr\u00eas ou quatro textos, decidi fazer um compilado de hist\u00f3rias e acabei escrevendo um livro. O t\u00edtulo \u00e9 &#8220;Cr\u00f4nicas de Viagem&#8221;, onde conto situa\u00e7\u00f5es engra\u00e7adas, tensas e curiosas que passei em minhas viagens entre 2017 e 2020, per\u00edodo no qual fiz interc\u00e2mbio no Canad\u00e1, Mestrado na Espanha e trabalhei na Inglaterra -al\u00e9m de ter viajado para outros pa\u00edses.<\/p>\n\n\n\n<p class=\"has-text-align-justify\">&#8220;Cr\u00f4nicas de Viagem&#8221; foi publicado pela Editora Viseu e pode ser adquirido no <a aria-label=\"site deles (opens in a new tab)\" href=\"https:\/\/www.editoraviseu.com.br\/cronicas-de-viagem-prod.html\" target=\"_blank\" rel=\"noreferrer noopener\" class=\"ek-link\">site da pr\u00f3pria editora<\/a> ou pela <a aria-label=\" (opens in a new tab)\" href=\"https:\/\/www.amazon.com.br\/Cr%C3%B4nicas-Viagem-Victor-Caselli-ebook\/dp\/B09MZK1K3B#customerReviews\" target=\"_blank\" rel=\"noreferrer noopener\" class=\"ek-link\">Amazon<\/a>, tanto em vers\u00e3o f\u00edsica como digital.<\/p>\n","protected":false},"excerpt":{"rendered":"<p>Durante a pandemia, em meados de 2020, comecei a escrever alguns textos sobre viagens que fiz. Era uma forma de fazer o tempo passar e tamb\u00e9m uma maneira de poder relembrar os momentos vividos durante essas viagens. Ap\u00f3s terminar uns tr\u00eas ou quatro textos, decidi fazer um compilado de hist\u00f3rias e acabei escrevendo um livro. &hellip; <\/p>\n","protected":false},"author":1,"featured_media":159,"parent":0,"menu_order":0,"comment_status":"closed","ping_status":"closed","template":"","meta":{"_editorskit_title_hidden":false,"_editorskit_reading_time":0,"_editorskit_is_block_options_detached":false,"_editorskit_block_options_position":"{}","om_disable_all_campaigns":false,"_monsterinsights_skip_tracking":false,"_monsterinsights_sitenote_active":false,"_monsterinsights_sitenote_note":"","_monsterinsights_sitenote_category":0,"_uf_show_specific_survey":0,"_uf_disable_surveys":false,"footnotes":""},"yoast_head":"<!-- This site is optimized with the Yoast SEO plugin v20.13 - https:\/\/yoast.com\/wordpress\/plugins\/seo\/ -->\n<title>Livro - Vhjando<\/title>\n<meta name=\"robots\" content=\"index, follow, max-snippet:-1, max-image-preview:large, max-video-preview:-1\" \/>\n<link rel=\"canonical\" href=\"https:\/\/vhjando.com\/index.php\/livro\/\" \/>\n<meta property=\"og:locale\" content=\"pt_BR\" \/>\n<meta property=\"og:type\" content=\"article\" \/>\n<meta property=\"og:title\" content=\"Livro - Vhjando\" \/>\n<meta property=\"og:description\" content=\"Durante a pandemia, em meados de 2020, comecei a escrever alguns textos sobre viagens que fiz. Era uma forma de fazer o tempo passar e tamb\u00e9m uma maneira de poder relembrar os momentos vividos durante essas viagens. Ap\u00f3s terminar uns tr\u00eas ou quatro textos, decidi fazer um compilado de hist\u00f3rias e acabei escrevendo um livro. &hellip;\" \/>\n<meta property=\"og:url\" content=\"https:\/\/vhjando.com\/index.php\/livro\/\" \/>\n<meta property=\"og:site_name\" content=\"Vhjando\" \/>\n<meta property=\"article:modified_time\" content=\"2023-08-28T17:08:44+00:00\" \/>\n<meta property=\"og:image\" content=\"http:\/\/vhjando.com\/wp-content\/uploads\/2023\/08\/AF_Post_Mockup_851x315px.jpg\" \/>\n\t<meta property=\"og:image:width\" content=\"851\" \/>\n\t<meta property=\"og:image:height\" content=\"315\" \/>\n\t<meta property=\"og:image:type\" content=\"image\/jpeg\" \/>\n<meta name=\"twitter:card\" content=\"summary_large_image\" \/>\n<meta name=\"twitter:label1\" content=\"Est. tempo de leitura\" \/>\n\t<meta name=\"twitter:data1\" content=\"1 minuto\" \/>\n<script type=\"application\/ld+json\" class=\"yoast-schema-graph\">{\"@context\":\"https:\/\/schema.org\",\"@graph\":[{\"@type\":\"WebPage\",\"@id\":\"https:\/\/vhjando.com\/index.php\/livro\/\",\"url\":\"https:\/\/vhjando.com\/index.php\/livro\/\",\"name\":\"Livro - Vhjando\",\"isPartOf\":{\"@id\":\"https:\/\/vhjando.com\/#website\"},\"datePublished\":\"2023-08-13T09:45:58+00:00\",\"dateModified\":\"2023-08-28T17:08:44+00:00\",\"breadcrumb\":{\"@id\":\"https:\/\/vhjando.com\/index.php\/livro\/#breadcrumb\"},\"inLanguage\":\"pt-BR\",\"potentialAction\":[{\"@type\":\"ReadAction\",\"target\":[\"https:\/\/vhjando.com\/index.php\/livro\/\"]}]},{\"@type\":\"BreadcrumbList\",\"@id\":\"https:\/\/vhjando.com\/index.php\/livro\/#breadcrumb\",\"itemListElement\":[{\"@type\":\"ListItem\",\"position\":1,\"name\":\"In\u00edcio\",\"item\":\"https:\/\/vhjando.com\/\"},{\"@type\":\"ListItem\",\"position\":2,\"name\":\"Livro\"}]},{\"@type\":\"WebSite\",\"@id\":\"https:\/\/vhjando.com\/#website\",\"url\":\"https:\/\/vhjando.com\/\",\"name\":\"Vhjando\",\"description\":\"Por Victor Caselli\",\"publisher\":{\"@id\":\"https:\/\/vhjando.com\/#organization\"},\"potentialAction\":[{\"@type\":\"SearchAction\",\"target\":{\"@type\":\"EntryPoint\",\"urlTemplate\":\"https:\/\/vhjando.com\/?s={search_term_string}\"},\"query-input\":\"required name=search_term_string\"}],\"inLanguage\":\"pt-BR\"},{\"@type\":\"Organization\",\"@id\":\"https:\/\/vhjando.com\/#organization\",\"name\":\"Vhjando\",\"url\":\"https:\/\/vhjando.com\/\",\"logo\":{\"@type\":\"ImageObject\",\"inLanguage\":\"pt-BR\",\"@id\":\"https:\/\/vhjando.com\/#\/schema\/logo\/image\/\",\"url\":\"https:\/\/vhjando.com\/wp-content\/uploads\/2023\/08\/cropped-A8631266-9654-4642-B6F3-5FF770D26735.png\",\"contentUrl\":\"https:\/\/vhjando.com\/wp-content\/uploads\/2023\/08\/cropped-A8631266-9654-4642-B6F3-5FF770D26735.png\",\"width\":204,\"height\":266,\"caption\":\"Vhjando\"},\"image\":{\"@id\":\"https:\/\/vhjando.com\/#\/schema\/logo\/image\/\"}}]}<\/script>\n<!-- \/ Yoast SEO plugin. -->","yoast_head_json":{"title":"Livro - Vhjando","robots":{"index":"index","follow":"follow","max-snippet":"max-snippet:-1","max-image-preview":"max-image-preview:large","max-video-preview":"max-video-preview:-1"},"canonical":"https:\/\/vhjando.com\/index.php\/livro\/","og_locale":"pt_BR","og_type":"article","og_title":"Livro - Vhjando","og_description":"Durante a pandemia, em meados de 2020, comecei a escrever alguns textos sobre viagens que fiz. Era uma forma de fazer o tempo passar e tamb\u00e9m uma maneira de poder relembrar os momentos vividos durante essas viagens. Ap\u00f3s terminar uns tr\u00eas ou quatro textos, decidi fazer um compilado de hist\u00f3rias e acabei escrevendo um livro. &hellip;","og_url":"https:\/\/vhjando.com\/index.php\/livro\/","og_site_name":"Vhjando","article_modified_time":"2023-08-28T17:08:44+00:00","og_image":[{"width":851,"height":315,"url":"http:\/\/vhjando.com\/wp-content\/uploads\/2023\/08\/AF_Post_Mockup_851x315px.jpg","type":"image\/jpeg"}],"twitter_card":"summary_large_image","twitter_misc":{"Est. tempo de leitura":"1 minuto"},"schema":{"@context":"https:\/\/schema.org","@graph":[{"@type":"WebPage","@id":"https:\/\/vhjando.com\/index.php\/livro\/","url":"https:\/\/vhjando.com\/index.php\/livro\/","name":"Livro - Vhjando","isPartOf":{"@id":"https:\/\/vhjando.com\/#website"},"datePublished":"2023-08-13T09:45:58+00:00","dateModified":"2023-08-28T17:08:44+00:00","breadcrumb":{"@id":"https:\/\/vhjando.com\/index.php\/livro\/#breadcrumb"},"inLanguage":"pt-BR","potentialAction":[{"@type":"ReadAction","target":["https:\/\/vhjando.com\/index.php\/livro\/"]}]},{"@type":"BreadcrumbList","@id":"https:\/\/vhjando.com\/index.php\/livro\/#breadcrumb","itemListElement":[{"@type":"ListItem","position":1,"name":"In\u00edcio","item":"https:\/\/vhjando.com\/"},{"@type":"ListItem","position":2,"name":"Livro"}]},{"@type":"WebSite","@id":"https:\/\/vhjando.com\/#website","url":"https:\/\/vhjando.com\/","name":"Vhjando","description":"Por Victor Caselli","publisher":{"@id":"https:\/\/vhjando.com\/#organization"},"potentialAction":[{"@type":"SearchAction","target":{"@type":"EntryPoint","urlTemplate":"https:\/\/vhjando.com\/?s={search_term_string}"},"query-input":"required name=search_term_string"}],"inLanguage":"pt-BR"},{"@type":"Organization","@id":"https:\/\/vhjando.com\/#organization","name":"Vhjando","url":"https:\/\/vhjando.com\/","logo":{"@type":"ImageObject","inLanguage":"pt-BR","@id":"https:\/\/vhjando.com\/#\/schema\/logo\/image\/","url":"https:\/\/vhjando.com\/wp-content\/uploads\/2023\/08\/cropped-A8631266-9654-4642-B6F3-5FF770D26735.png","contentUrl":"https:\/\/vhjando.com\/wp-content\/uploads\/2023\/08\/cropped-A8631266-9654-4642-B6F3-5FF770D26735.png","width":204,"height":266,"caption":"Vhjando"},"image":{"@id":"https:\/\/vhjando.com\/#\/schema\/logo\/image\/"}}]}},"_links":{"self":[{"href":"https:\/\/vhjando.com\/index.php\/wp-json\/wp\/v2\/pages\/56"}],"collection":[{"href":"https:\/\/vhjando.com\/index.php\/wp-json\/wp\/v2\/pages"}],"about":[{"href":"https:\/\/vhjando.com\/index.php\/wp-json\/wp\/v2\/types\/page"}],"author":[{"embeddable":true,"href":"https:\/\/vhjando.com\/index.php\/wp-json\/wp\/v2\/users\/1"}],"replies":[{"embeddable":true,"href":"https:\/\/vhjando.com\/index.php\/wp-json\/wp\/v2\/comments?post=56"}],"version-history":[{"count":7,"href":"https:\/\/vhjando.com\/index.php\/wp-json\/wp\/v2\/pages\/56\/revisions"}],"predecessor-version":[{"id":158,"href":"https:\/\/vhjando.com\/index.php\/wp-json\/wp\/v2\/pages\/56\/revisions\/158"}],"wp:featuredmedia":[{"embeddable":true,"href":"https:\/\/vhjando.com\/index.php\/wp-json\/wp\/v2\/media\/159"}],"wp:attachment":[{"href":"https:\/\/vhjando.com\/index.php\/wp-json\/wp\/v2\/media?parent=56"}],"curies":[{"name":"wp","href":"https:\/\/api.w.org\/{rel}","templated":true}]}}